 -84 - (-1 + -3 + 0)?
1
What is -6 + 12 - (-1 - 1 - -5)?
3
(2 - (-12 - -22)) + 9
1
Calculate 1 + -4 + -2 + 7.
2
What is the value of (-8 - (6 + -2 - 7)) + 4?
-1
Evaluate (7 - (7 - -4)) + 6 + 0.
2
Calculate 5 + (-3 - 3) + 2 + -1.
0
What is (-5 - -1 - 3) + 10?
3
What is (1 - -1) + -9 + -5 + 7?
-5
4 - -1 - (-29 - -33)
1
Evaluate 5 + -1 - (-4 + 4 - 1).
5
Evaluate 29 + -28 - (-1 - -6).
-4
Calculate (3 + -3 - 1 - 1) + -1.
-3
What is -34 - -35 - (-1 + 1 + -3)?
4
Evaluate (2 + (3 - 4) - -5) + -5.
1
Evaluate 4 + -2 + 4 - (-5 + 3).
8
What is the value of -1 + -8 + (-9 - -21)?
3
Calculate 1 + -2 - (0 + -3).
2
Evaluate (1 - -1) + (-14 - -15).
3
What is the value of -4 - 1 - (6 - 7)?
-4
(1 - 2) + -8 + 5
-4
Evaluate 6 + 0 - (0 - (-1 - 1)).
4
What is (-8 - -4) + 2 - (-2 - 1)?
1
What is the value of 7 - (12 - 1) - -7?
3
-23 + 42 + -22 - (0 + 2)
-5
(1 - (1 + 2)) + -1 + 2
-1
(-8 - -3) + 6 + -13 + 6
-6
What is the value of (4 - (5 + -6)) + 1 + -1?
5
What is the value of -8 - (0 + 6 + -14)?
0
3 - 12 - -4 - 1 - -2
-4
Calculate 5 - ((-11 - -9) + 7).
0
Calculate -1 - 1 - (10 + -7).
-5
What is -10 + 8 + (1 - 2)?
-3
Evaluate -2 + (5 - (2 - 2)).
3
(-2 - -3) + (-2 - (-7 + 4))
2
Evaluate 1 + (0 - 2) + 3.
2
What is the value of 0 - 3 - -3 - (-1 - -4)?
-3
Calculate -20 + (16 - 7) - -5.
-6
Evaluate (9 - 4 - 6) + 6 + 0.
5
What is the value of -4 + 4 + 3 + 1 + 0?
4
What is the value of (3 + -2 - (-30 - -32)) + -8?
-9
What is the value of 2 - (5 - 1 - 3)?
1
What is 5 + 3 + (-7 - -4)?
5
What is 8 + 2 + (-4 - 5)?
1
Evaluate (-3 - 2) + 15 - 9.
1
Evaluate (1 - (2 + -1 - -4)) + 7.
3
(9 - 6) + -2 + 0
1
Evaluate 0 + (-5 - (-2 - 2 - 5)).
4
What is -4 + (1 - -3) - 0?
0
What is (5 - -1) + 12 + (-42 - -19)?
-5
Evaluate -3 + (-4 + 1 - 0) - 2.
-8
What is -3 - ((-3 - -9) + 6 + -6)?
-9
3 + -2 - (0 + 6)
-5
What is the value of -2 + 11 + -22 - -6?
-7
What is the value of 4 + 2 + -27 + 27?
6
Calculate 5 - (-1 + 5 - 2).
3
-10 + 1 - (3 - 9)
-3
0 - (4 + -6 + 3)
-1
Evaluate -68 + 71 + (-7 - (3 - 1)).
-6
-1 + 3 + (-3 - -3) + -8
-6
Evaluate 5 - (1 + (-3 + 3 - -3)).
1
Evaluate (8 - 1) + 6 + -22 + 12.
3
What is (-1 - -2) + 2 - 4?
-1
What is (0 - -7 - 10) + 5?
2
Calculate (0 - (9 - 4)) + -2.
-7
Evaluate 0 - 0 - (4 + (-4 - -2)).
-2
What is the value of -5 + 11 + (2 - 3)?
5
What is 3 + (3 + -5 - -1)?
2
What is the value of 3 - (-6 - -10 - -5) - 0?
-6
Calculate -3 + 2 - (1 - 2).
0
-4 + -7 + 3 - -18 - 2
8
-6 + 2 + 12 - 7 - 4
-3
Calculate 3 + -2 - (-5 + 7).
-1
Evaluate -5 - ((0 - 3) + 14 + -14).
-2
(2 - 0 - (-46 + 48)) + 6
6
(-19 - -17) + (-2 - 3)
-7
What is the value of (1 - 3) + -2 + 3 + 3?
2
Calculate (-12 + -6 - -11) + 8.
1
Calculate (11 - 6) + -2 - 9.
-6
What is the value of -3 - ((-17 - -5) + (8 - 2))?
3
Calculate -9 + 6 + 4 + 5.
6
0 + -2 + -6 + 6 + 4
2
Evaluate (-12 - -10 - -7) + -14.
-9
What is the value of -2 + -4 + 6 - (2 - 2)?
0
Calculate (1 - 0) + (18 - 23) - 2.
-6
Calculate (-16 - (-18 - -4)) + 11.
9
-1 + -9 + 5 - -7 - -2
4
Evaluate (-17 - -10) + 0 + 6.
-1
Calculate (-6 - (1 - 5)) + 2 + -1.
-1
Evaluate (-6 - -9 - 8) + 8.
3
-1 - 2 - ((-15 - -3) + 10)
-1
What is -6 - -1 - (51 - 57)?
1
What is the value of -12 - ((-8 + 0 - -4) + -2)?
-6
2 + -2 + 1 + -4 + -1
-4
What is -5 - (3 - (8 - 3))?
-3
What is (-13 - -7) + 1 - (1 + 2)?
-8
What is the value of -1 + -3 - (-8 - (-3 - 2))?
-1
Evaluate 1 - 1 - (93 - 91).
-2
Calculate (0 - 4) + 3 - 1.
-2
Calculate (-1 - -5) + (-4 - -1).
1
What is (-1 - -9) + (3 - (3 - -4))?
4
Evaluate -124 + 127 - (-1 - -6).
-2
Evaluate 1 + -12 + (-2 - -3 - -5).
-5
Calculate 0 + (2 - 3) - (6 - 11).
4
What is the value of 1 - 6 - ((-14 - 7) + 13)?
3
What is 0 + 4 + -1 - -1?
4
Calculate -4 + -3 + (3 - (-1 - -3)).
-6
What is (5 - 6) + 7 - (-1 + 9)?
-2
-2 + 2 + -1 + -1
-2
-4 + 3 + -3 + 4
0
Calculate (-4 - -12 - 4) + 0.
4
Calculate -1 - (5 + -3 + -2) - 5.
-6
What is the value of -2 + -2 - (-3 + -4)?
3
Calculate 7 + -5 + -4 + (4 - -3).
5
1 + (3 - 9 - -3)
-2
Evaluate -7 - (-3 - 10 - -8).
-2
Evaluate 1 - 0 - ((3 - -4) + -4).
-2
What is the value of -7 + 1 - (-8 + (7 - 1))?
-4
11 + -10 + 4 + -3
2
Evaluate (-8 - ((-13 - -2) + 8)) + 3.
-2
Calculate 5 - (6 + (-4 - -1)).
2
What is 1 - ((-5 - -10) + 3 - 4)?
-3
Calculate 1 + 6 + 11 + (-34 - -17).
1
Calculate (1 - 4) + 2 - -4.
3
(-1 - 8) + -58 + 61
-6
Calculate (-9 - -2) + 7 - (-10 - -3).
7
Evaluate 2 - (10 - 3) - (-2 - 3).
0
What is 6 - (1 + -3 + 11)?
-3
2 - (-9 + -8 + 17)
2
Calculate -9 - (9 - 1 - 12).
-5
Evaluate 0 - -2 - (1 - -2) - 2.
-3
-6 - (-1 - -1) - (10 - 12)
-4
Evaluate 1 + -2 - -5 - 2.
2
What is -2 + -2 + 0 + 0 + 3?
-1
Evaluate 4 - (-2 + (0 - -1) + 1).
4
-7 - (-1 + 12 + -12)
-6
Calculate -12 + 2 + 14 + -5.
-1
Evaluate 17 + -6 - (-2 + 6).
7
(-37 - -31) + 0 + 1 + 1
-4
What is (3 - (-1 - -2)) + -4 - -2?
0
(6 - 6) + -4 - -1
-3
Calculate 1 - ((-2 - 3) + 8).
-2
23 + -26 + (6 - 1)
2
What is -20 + 16 + (-1 - 0 - -3)?
-2
What is -39 - -40 - (2 + -2 + 0)?
1
What is the value of -15 + 9 - (-4 + 1)?
-3
What is (-54 - -59) + -2 + 0 + 1?
4
Calculate 4 - (4 + (-5 + 8 - 4)).
1
Calculate 4 - (-13 - -1 - -9).
7
Calculate 2 - ((1 - (0 + 1)) + 4).
-2
Calculate 0 + 3 - (0 - 1 - -3).
1
What is (6 - (-2 + 6)) + (2 - 1)?
3
Calculate 71 + -76 - (1 - (3 + 0)).
-3
What is (2 - 1) + (2 - 2 - -3)?
4
Calculate -1 - -3 - (8 + (-12 - -6)).
0
What is the value of -1 + 3 + 13 + -13?
2
Calculate 69 + -77 - (-2 + -11).
5
(-17 - -22) + (-3 - (-2 - 0))
4
Evaluate -2 + (10 - -4) + (-6 - 2).
4
What is the value of 1 + -5 - -18 - (4 - -2)?
8
-24 + (17 - 4) + 7
-4
What is -37 - -37 - (0 - 9)?
9
Calculate (2 - -4) + (-5 - 8).
-7
-3 + 1 - (-2 + 0 - 5)
5
Evaluate -3 + (-4 - -2 - -2).
-3
Calculate (4 - 1) + (10 - 15).
-2
Evaluate 1 - (2 + 2 + 0 + 1).
-4
What is 15 - 11 - (11 + -2) - -8?
3
Calculate 0 + -1 - (1 - -1).
-3
28 - 27 - (5 + 0)
-4
What is the value of 5 + 4 + -9 - 6?
-6
What is -4 + 0 - (-16 + 14)?
-2
-7 - (-8 - (3 - 8))
-4
Calculate (4 - (0 - 0)) + (-2 - 5).
-3
Calculate 0 + 0 + 2 + -2 + 1.
1
Evaluate 5 + -3 - (-2 + 8).
-4
What is the value of (82 - 69) + (1 - 8)?
6
What is -3 + 1 + 1 + -2?
-3
What is 9 + -2 - (-31 - -34)?
4
What is the value of -4 - (0 - ((-4 - -3) + 4))?
-1
What is the value of 0 + 11 - 6 - -3?
8
128 + -130 - (2 - 1)
-3
Evaluate -4 - (-4 - -1) - 4.
-5
Calculate 5 + (1 - 2) + (34 - 38).
0
What is the value of -1 + -5 + -2 + 4?
-4
Evaluate 4 + -2 + (2 - -6) + -3.
7
What is the value of -5 + (-2 - -2) + -13 + 12?
-6
(2 - 1) + -13 + (17 - 10)
-5
(5 - 4 - -2) + -2
1
What is the value of (2 - 3 - 2) + (12 - 10)?
-1
What is 4 + -13 + (9 - 3)?
-3
What is the value of (8 + -12 - 3) + (4 - 1)?
-4
What is the value of 74 + -73 - (-2 - (-2 + 4))?
5
What is 5 + -2 - ((0 - 0) + -2)?
5
What is the value of (-1 - (-6 - (-6 - -4))) + -8?
-5
3 - (0 + 1) - 4
-2
2 - (-2 - (-1 + 0))
3
1 + 0 + -2 + -10 + 6
-5
What is the value of -4 - (-6 + 5) - 2?
-5
Evaluate 3 - ((0 - 0) + (17 - 9)).
-5
Calculate (1 - -5) + (13 - 6 - 10).
3
6 + -10 + 0 - -6
2
What is the value of -4 - (5 + -5 + -7 + 4)?
-1
Evaluate -10 + 1 + 1 - -15.
7
Evaluate (-4 - -3) + -1 + (5 - 3).
0
(-13 - -8) + -2 - (3 - 2)
-8
What is the value of 3 - (6 - (-5 + 11))?
3
What is the value of 8 + -6 + (-11 - -1 - -5)?
-3
Calculate (14 - 9) + (-2 - 2).
1
What is -4 + (-9 - (5 - (6 + 4)))?
-8
Evaluate 7 - (-2 - (1 - 7)) - 1.
2
Evaluate (-1 - -7) + 7 + -6 + 1.
8
Calculate (-111 - -109) + -1 + 5.
2
What is the value of 5 + -3 + -5 - (-9 + 1)?
5
Calculate 12 + -4 + (3 - 8).
3
Evaluate -10 + (-11 - -14) + -1.
-8
What is the value of 11 + -7 - ((3 - 2) + -3)?
6
What is the value of -5 + 0 + 7 + 2?
4
Evaluate 9 + -10 + 2 + 5.
6
What is the value of -5 - (-14 + (-6 - -3) + 8)?
4
Evaluate (-5 - (-2 + -7)) + 1.
5
Calculate 1 + -5 - (8 + -14).
2
What is 111 + -111 + (1 - -2)?
3
What is 4 - 3 - (-5 + 5) - 0?
1
What is (-86 - -86) + (-1 - 0) + 6?
5
What is the value of (4 - (0 - 4)) + (-38 - -21)?
-9
Evaluate 5 - 13 - (-3 + -3 - -2).
-4
What is the value of -5 + -3 + (16 - 5)?
3
Evaluate (-5 - (4 - 14)) + -6 + -1.
-2
What is the value of -8 - (-5 - (4 - 6))?
-5
What is 1 - -7 - (8 - -8 - 9)?
1
What is 11 + (-7 - 3 - 1)?
0
Evaluate 1 + 4 + -6 + -4.
-5
What is the value of 2 + 10 + -4 - 14?
-6
What is (-24 - -7) + (-3 - -11) + 2?
-7
Calculate 7 + -5 - (-6 + 5).
3
-7 + 10 + -4 - 2
-3
-6 + -7 - (13 + -35)
9
What is the value of 0 